6580 is divided by 27.
25
What is the remainder when 4715 is divided by 1559?
38
Calculate the remainder when 23527 is divided by 5880.
7
Calculate the remainder when 1209498 is divided by 43.
37
Calculate the remainder when 12629 is divided by 550.
529
Calculate the remainder when 50892 is divided by 87.
84
Calculate the remainder when 871 is divided by 147.
136
What is the remainder when 729917 is divided by 871?
19
What is the remainder when 22172 is divided by 77?
73
Calculate the remainder when 45600 is divided by 3800.
0
What is the remainder when 112951 is divided by 56?
55
What is the remainder when 31480 is divided by 428?
236
What is the remainder when 9721 is divided by 143?
140
What is the remainder when 14602 is divided by 88?
82
What is the remainder when 6678 is divided by 86?
56
Calculate the remainder when 17618 is divided by 4397.
30
Calculate the remainder when 9364 is divided by 780.
4
What is the remainder when 97094 is divided by 6472?
14
What is the remainder when 1739 is divided by 1142?
597
What is the remainder when 4746 is divided by 50?
46
Calculate the remainder when 2985 is divided by 303.
258
Calculate the remainder when 4357 is divided by 287.
52
Calculate the remainder when 2140 is divided by 67.
63
What is the remainder when 10025 is divided by 109?
106
Calculate the remainder when 68853 is divided by 272.
37
What is the remainder when 27263 is divided by 205?
203
Calculate the remainder when 74838 is divided by 247.
244
Calculate the remainder when 4130 is divided by 4080.
50
What is the remainder when 12231 is divided by 1222?
11
What is the remainder when 11512 is divided by 803?
270
What is the remainder when 167107 is divided by 17?
14
What is the remainder when 9524 is divided by 8?
4
What is the remainder when 260 is divided by 143?
117
What is the remainder when 9401699 is divided by 220?
219
Calculate the remainder when 77948 is divided by 10.
8
What is the remainder when 1769 is divided by 95?
59
Calculate the remainder when 28813 is divided by 120.
13
What is the remainder when 10479 is divided by 144?
111
What is the remainder when 3737 is divided by 95?
32
What is the remainder when 15481 is divided by 3865?
21
What is the remainder when 229876 is divided by 280?
276
Calculate the remainder when 29428 is divided by 16.
4
What is the remainder when 13023 is divided by 3245?
43
What is the remainder when 1460689 is divided by 17?
15
What is the remainder when 244029 is divided by 56?
37
Calculate the remainder when 284 is divided by 2.
0
Calculate the remainder when 346231 is divided by 21.
4
What is the remainder when 828127 is divided by 1298?
3
Calculate the remainder when 21183 is divided by 1008.
15
What is the remainder when 4399 is divided by 383?
186
What is the remainder when 1636 is divided by 714?
208
What is the remainder when 5546 is divided by 688?
42
What is the remainder when 176909 is divided by 10?
9
What is the remainder when 4011 is divided by 435?
96
Calculate the remainder when 136771 is divided by 124.
123
Calculate the remainder when 1501189 is divided by 190.
189
What is the remainder when 5703 is divided by 6?
3
What is the remainder when 43779 is divided by 164?
155
What is the remainder when 54780 is divided by 13684?
44
Calculate the remainder when 1452581 is divided by 1249.
1243
Calculate the remainder when 2550 is divided by 21.
9
Calculate the remainder when 28140 is divided by 27986.
154
Calculate the remainder when 828981 is divided by 93.
72
What is the remainder when 1879 is divided by 932?
15
What is the remainder when 3075 is divided by 63?
51
Calculate the remainder when 753001 is divided by 11.
7
Calculate the remainder when 2545 is divided by 294.
193
What is the remainder when 2196266 is divided by 53?
52
Calculate the remainder when 3342 is divided by 428.
346
Calculate the remainder when 31497 is divided by 140.
137
Calculate the remainder when 6369 is divided by 46.
21
What is the remainder when 13190 is divided by 733?
729
Calculate the remainder when 38456 is divided by 19224.
8
Calculate the remainder when 14298 is divided by 1190.
18
What is the remainder when 4799 is divided by 97?
46
What is the remainder when 17440 is divided by 249?
10
What is the remainder when 5425 is divided by 1348?
33
What is the remainder when 344555 is divided by 14356?
11
What is the remainder when 11898 is divided by 3960?
18
What is the remainder when 77068 is divided by 343?
236
What is the remainder when 8620 is divided by 112?
108
Calculate the remainder when 29972 is divided by 853.
117
What is the remainder when 106509 is divided by 13312?
13
What is the remainder when 10807 is divided by 5397?
13
What is the remainder when 109241 is divided by 6?
5
What is the remainder when 60874 is divided by 1384?
1362
What is the remainder when 18729 is divided by 7?
4
What is the remainder when 247323 is divided by 30909?
51
What is the remainder when 15604 is divided by 7785?
34
What is the remainder when 28042 is divided by 369?
367
Calculate the remainder when 274932 is divided by 20.
12
What is the remainder when 51378 is divided by 528?
162
Calculate the remainder when 1190 is divided by 623.
567
Calculate the remainder when 12865 is divided by 348.
337
What is the remainder when 25680 is divided by 4278?
12
What is the remainder when 39568 is divided by 19?
10
What is the remainder when 6251 is divided by 60?
11
Calculate the remainder when 1423 is divided by 496.
431
Calculate the remainder when 783 is divided by 294.
195
What is the remainder when 123156 is divided by 127?
93
What is the remainder when 2607 is divided by 1181?
245
What is the remainder when 2370 is divided by 44?
38
What is the remainder when 61554 is divided by 19?
13
What is the remainder when 26439 is divided by 113?
110
What is the remainder when 1293 is divided by 724?
569
Calculate the remainder when 15605 is divided by 54.
53
What is the remainder when 50962 is divided by 83?
0
Calculate the remainder when 89599 is divided by 29856.
31
What is the remainder when 16947 is divided by 291?
69
Calculate the remainder when 309600 is divided by 283.
281
What is the remainder when 418 is divided by 222?
196
Calculate the remainder when 217 is divided by 188.
29
Calculate the remainder when 60727 is divided by 4668.
43
Calculate the remainder when 1242404 is divided by 183.
17
Calculate the remainder when 107993 is divided by 439.
438
What is the remainder when 13963 is divided by 23?
2
Calculate the remainder when 1455 is divided by 229.
81
What is the remainder when 8058 is divided by 129?
60
Calculate the remainder when 124613 is divided by 133.
125
Calculate the remainder when 3886 is divided by 169.
168
What is the remainder when 476583 is divided by 638?
635
Calculate the remainder when 45875 is divided by 235.
50
What is the remainder when 124141 is divided by 16?
13
Calculate the remainder when 53432 is divided by 27.
26
What is the remainder when 16795 is divided by 1399?
7
Calculate the remainder when 9763 is divided by 42.
19
What is the remainder when 6637 is divided by 11?
4
Calculate the remainder when 5682 is divided by 1894.
0
Calculate the remainder when 2794 is divided by 299.
103
What is the remainder when 85475 is divided by 42716?
43
What is the remainder when 411 is divided by 409?
2
Calculate the remainder when 2296 is divided by 2266.
30
Calculate the remainder when 87219 is divided by 517.
363
Calculate the remainder when 1685315 is divided by 28.
23
What is the remainder when 34321 is divided by 286?
1
What is the remainder when 2974478 is divided by 387?
383
Calculate the remainder when 43098 is divided by 100.
98
What is the remainder when 18811 is divided by 78?
13
Calculate the remainder when 234928 is divided by 30.
28
What is the remainder when 32146 is divided by 361?
17
Calculate the remainder when 3848 is divided by 408.
176
What is the remainder when 9324 is divided by 226?
58
What is the remainder when 21245 is divided by 4?
1
Calculate the remainder when 253372 is divided by 187.
174
What is the remainder when 38341 is divided by 13?
4
Calculate the remainder when 2041 is divided by 631.
148
Calculate the remainder when 5099 is divided by 998.
109
What is the 